f 28 and c?
7
Suppose 29*v - 2194891 = -80*v - 172*v. Calculate the greatest common factor of 107 and v.
107
Let p = 8588 - 7675. Calculate the greatest common divisor of p and 264.
11
Let v = -59 - -24. Let g = v + 40. Suppose 2*t - g*o + 18 = 3*t, -o + 1 = 0. What is the highest common factor of 13 and t?
13
Let n = 5 + -3. Let c = 40 + 54. Let p = 112 - c. What is the highest common divisor of n and p?
2
Let l(b) = b**3 - 2*b**2 - 7*b. Let f be l(4). Suppose -20 = f*m - 36. Calculate the greatest common factor of 44 and m.
4
Suppose 5577 = 44*q - 20999. Let n = q + -571. Calculate the greatest common factor of 44 and n.
11
Let g = -16325 + 16332. Let m = -10 - -11. Let y be 1 - (0 + (m - 1)). What is the highest common divisor of g and y?
1
Let p be (-19)/((-95)/(-30)) - (-10 + -786). Calculate the highest common divisor of p and 470.
10
Let p = 38 + -8. Suppose 4*l - 6*i + 3*i - 25 = 0, 3*l + i - 22 = 0. Let f(n) = -n + 13. Let d be f(l). Calculate the greatest common divisor of d and p.
6
Suppose -74*g + 4519 + 7856 = 1423. What is the highest common factor of g and 666?
74
Let d be (-1132)/264*-28 - (-44)/(-726). Let p(w) = w**3 - 5*w**2 + 2*w + 5. Let n be p(5). What is the highest common divisor of d and n?
15
Let n = 62 - 182. Let q be (-496)/n + 4/(-30). Let m(a) = -3*a + 40. Let f be m(13). Calculate the greatest common divisor of f and q.
1
Suppose -14175 = -2*k + 5*v, 0 = 211*k - 213*k - 5*v + 14105. Calculate the highest common divisor of 606 and k.
202
Let z be 9 + 27102/32 + 88/1408. Calculate the highest common factor of z and 56.
8
Let q(x) = -4*x + 27. Let n be q(8). Let l(w) = -7*w**2 - 38*w - 3. Let h be l(n). Calculate the greatest common factor of h and 18.
6
Suppose -29*s = -30*s + 23. Suppose 2*f + g - 9 = 0, 5*f = -6*g + 3*g + s. Suppose -67 = -f*x + 161. Calculate the highest common factor of x and 38.
19
Suppose -488 = -2*u - 95*y + 97*y, 0 = -2*u + 4*y + 496. What is the highest common factor of u and 1470?
30
Suppose 374*t + 197568 = 486*t. Calculate the greatest common factor of t and 828.
36
Let v be (-3974)/(45/((-675)/30)). What is the greatest common factor of 1 and v?
1
Let f = -12 + 15. Suppose 18 = 5*b - f*b. Let i = b - -3. Calculate the greatest common factor of i and 9.
3
Let f be -6*(0 - 1)/1. Let y = -1588 - -1588. Let n be y/1 - (-72 - -30). Calculate the highest common factor of n and f.
6
Let q = -2516 + 3043. Calculate the highest common factor of 153 and q.
17
Suppose -47 = -5*h + 3*y, 4*h - 3 = 3*h - y. Let t(m) = m**3 + h*m**2 + 26 - 5*m + 4*m - 9. Let l be t(-7). Calculate the greatest common factor of l and 24.
24
Let g(r) = 90*r - 13059. Let t be g(148). Calculate the greatest common factor of 891 and t.
9
Suppose -74*a - 19833 - 139073 = -96*a. Calculate the greatest common factor of a and 62.
31
Let p(x) be the first derivative of 3*x**2/2 - 20*x - 20. Let r be (((-64)/(-10))/4)/(3/15). Let o be p(r). Calculate the greatest common factor of 20 and o.
4
Let i be 20/4 + -3 - -212. Suppose -6*f - 232 = -2*f. Let n = i + f. Calculate the greatest common divisor of n and 12.
12
Suppose d = -t + 38, 143 - 39 = 2*t - 5*d. Suppose -49*x + 218576 = 215832. What is the highest common factor of x and t?
14
Let g be 2171/2 + (2/(-8) - 36/16). Calculate the highest common factor of g and 228.
57
Let d = -301 - -309. Suppose a + 5*h - d*h = 69, -3*h - 135 = -2*a. Calculate the highest common factor of a and 132.
66
Let v(l) = -35*l - 42. Let j be v(3). Let y be (-11 - j/14)/((-1)/14). What is the greatest common factor of y and 371?
7
Suppose 218 = -5*l + 4*q, -3*q + 8*q = -15. Let n = l + 222. Let j(z) = -11*z**3 - z - 1. Let o be j(-1). Calculate the highest common factor of n and o.
11
Suppose -4*l + 49769 = 3*f, -3*l = -f - l + 16573. Calculate the highest common factor of 23 and f.
23
Let v = -126 - -126. Suppose 3*x - 497 - 31 = v. Calculate the greatest common divisor of x and 22.
22
Let k(o) = -o**3 + 9*o**2 + 25*o - 21. Let n be k(11). Let d be 10/n - 6/((-36)/625). Calculate the greatest common factor of d and 60.
15
Suppose -4*k = 3*z - 26, -3*k + 42 = 4*z - 2. Let i = 175 - z. Let u = i + -149. What is the greatest common divisor of 96 and u?
12
Let h(k) = -k**3 - 7*k**2 + 44*k + 101. Let n be h(5). Calculate the greatest common divisor of 1351 and n.
7
Let y = 212 - 207. Suppose 10 = y*q - 2*p, 25*q - 28*q + 4*p - 8 = 0. Calculate the highest common divisor of q and 26.
2
Let w(o) = o**3 + 23*o**2 + 85*o - 33. Let h be w(-8). Calculate the highest common factor of 13 and h.
13
Suppose -x = -5*r - 32, 2*x = -4*r + 2 - 8. Suppose -a + 48 = -x*a. Let z be ((-8)/6)/(a/564). Calculate the greatest common divisor of z and 235.
47
Let n be 0/((-8 - 0) + 25 + -19). Let b be (53 - 23)/((3 - 2) + n). What is the greatest common factor of 96 and b?
6
Let z(n) = 120 + 128 + 2*n**2 - 2*n - 242. Let j be z(-5). What is the greatest common divisor of j and 88?
22
Suppose -3*g - 6*x = -x - 503, 4*g = x + 686. Let c(k) = 31*k - 148. Let m be c(6). Calculate the greatest common factor of g and m.
19
Let u(j) = -3292*j + 19767. Let l be u(6). Suppose 2*z - 79 = -3*n, -n = -0*z - 4*z + 179. Let f = -29 + z. Calculate the greatest common divisor of l and f.
15
Let f = 940 - 901. Suppose -7*c + 158 = -3*c + 2*z, -4*z + 43 = c. What is the greatest common factor of f and c?
39
Let k be 0 + -2 + 0 + 24. Let z = 6321 + -6338. Let f = z + k. Calculate the greatest common divisor of 15 and f.
5
Let h = -2477 - -2508. Calculate the highest common divisor of 2511 and h.
31
Let m(p) = 273*p - 19071. Let f be m(71). Calculate the highest common factor of 222 and f.
6
Suppose -5*q - 3*w = -17 + 331, 2*w - 4 = 0. Let f = q - -142. Suppose 2*h + 10 = 0, -t - 2 + 18 = 2*h. Calculate the greatest common divisor of f and t.
26
Let d(t) = -t**3 - 19*t**2 - 69*t - 308. Let s be d(-18). Calculate the greatest common factor of s and 2928.
122
Suppose -t + 1551 = 2*v - 377, -3*t - 5*v + 5790 = 0. Calculate the greatest common factor of t and 20.
20
Let o be 2/(-11) + ((-34749)/(-121) - 17). Let x(i) = -3*i + 6. Let d = -5 - 3. Let z be x(d). What is the highest common divisor of o and z?
30
Suppose 6817 - 447 = 26*m. Calculate the greatest common factor of 100 and m.
5
Let p = 4438 - 4178. What is the greatest common factor of 2535 and p?
65
Suppose -m + 20 = -386. Let u = 2598 + -2584. What is the greatest common factor of m and u?
14
Suppose -29*g - 1680 = -37*g. Suppose -60*o + 70*o - g = 0. Calculate the greatest common divisor of 49 and o.
7
Let n = -17436 + 17476. Calculate the greatest common divisor of n and 710.
10
Let w be -282 + (9 - 36)/3. Let v = w - -1571. Calculate the greatest common divisor of v and 40.
40
Let w be (-8)/6*13/(26/(-3)). Let x be w/((-40)/(-150)) + (-6)/(-4). What is the highest common factor of 15 and x?
3
Suppose 4459 + 56217 = 197*f. What is the highest common divisor of 2695 and f?
77
Let r = -7556 + 10634. Calculate the highest common factor of r and 972.
162
Suppose 0 = 28*i + 135*i + 20*i - 7434009. Calculate the greatest common divisor of 33 and i.
33
Let f = -257 + 507. Suppose 353*p = 358*p - 2*u - 38, -3*p + 36 = u. What is the greatest common divisor of f and p?
10
Let v = -35 - -54. Let t(a) = -2*a**2 + 56*a - 103. Let p be t(24). Let n = p + v. What is the highest common divisor of n and 12?
12
Let c = 10699 - 10654. What is the highest common divisor of 43245 and c?
45
Suppose 152*x - 211*x = -15930. What is the greatest common divisor of x and 130?
10
Let f(w) = 4*w**2 - 144*w + 285. Let l be f(34). What is the greatest common divisor of l and 6656?
13
Let c be (-101903)/563*(204 - -2)/(-1). What is the highest common factor of c and 206?
206
Let i be 2/(-8) - ((-22209361)/124)/67. Calculate the highest common divisor of i and 462.
33
Let z(g) = -g**3 - 22*g**2 - 8*g + 292. Let a be z(-21). What is the greatest common factor of a and 31?
1
Let d = 32 - 29. Suppose 11 = 2*a + d. Suppose -a*u - 7 = -159. Calculate the greatest common divisor of u and 38.
38
Suppose 0 = -3*x - 4*q + 205, -x - 62*q + 59 = -63*q. Calculate the highest common factor of 1197 and x.
63
Suppose -18 = -4*w + 38. Let u(p) = p**2 + 702*p + 43705. Let a be u(-69). Calculate the greatest common divisor of a an